d b.
7
Let r(a) = 6*a**2 - 9*a - 2. Let c be r(3). Calculate the highest common factor of 10 and c.
5
Let f(g) = 45*g**2 + 3. Let a be f(2). Suppose 5*y + 3*w - 306 = 0, 3*y = -2*w - 0*w + a. Calculate the greatest common factor of y and 9.
9
Let g be (-6)/18 - 50/(-6). Suppose -f + 5*f = 0. Suppose 3*b - 64 = b - 2*d, f = -5*b - d + 160. Calculate the highest common divisor of g and b.
8
Let w(y) = -y + 7. Let v be w(4). What is the greatest common divisor of 21 and v?
3
Let h be -1 - 0 - (-2 - -2). Let y be -1 - -30 - 3*h. What is the greatest common divisor of 80 and y?
16
Let g(j) = 37*j**3 - j**2 + j + 1. Let v be g(1). Let w be ((-1)/1 - 0) + 58. What is the highest common divisor of v and w?
19
Suppose -4*i - 119 - 41 = 3*w, -4*i = -3*w - 152. Let v = -35 - w. What is the greatest common divisor of v and 153?
17
Let s be 2/((-4)/(-6)) - 34. Let i = 15 - s. What is the greatest common divisor of i and 115?
23
Let o(v) = -v**3 - 7*v**2 - 9*v - 2. Let r be o(-6). Let g = 16 - 10. Suppose n + 80 = g*n. What is the highest common factor of r and n?
16
Suppose -85 = -8*k + 3*k - 5*n, 2*n = 4*k - 98. Let d(h) = h**2 - 5*h - 16. Let p be d(14). Calculate the highest common factor of p and k.
22
Let v(w) = w**3 + 3*w**2 - 4*w - 2. Let r be v(-4). Let i(u) = 5*u**2. Let p be i(r). Let d = 24 - 14. What is the greatest common divisor of p and d?
10
Suppose 0 = -4*l + l + 12. Let n(g) = -g**2 + 4*g - 4. Let k be n(3). Let y = l + k. What is the greatest common factor of y and 1?
1
Let n = 24 + -17. What is the highest common factor of 63 and n?
7
Let u = 77 + -5. Calculate the highest common factor of u and 18.
18
Let m(x) = -x**3 + 5*x**2 - 2*x + 2. Let u be m(2). Let p(a) = a + 20. Let y be p(0). What is the greatest common factor of y and u?
10
Let f(g) = g**2 - g. Let b be f(-1). Suppose -2*w = 4*z - 28, 5*z + 2*w - 26 = 4*w. What is the greatest common divisor of z and b?
2
Let s(i) = i**2 - i + 9. Let a be s(-7). Let k = 15 + a. Let w = -38 + k. What is the greatest common factor of 6 and w?
6
Let i be 40/260 + (-308)/(-26). Calculate the highest common factor of 12 and i.
12
Suppose -3*w + 12 = -0*w. Calculate the highest common factor of w and 8.
4
Let u = 6 - -12. Calculate the greatest common factor of 72 and u.
18
Let w = -6 - -18. Let b be -3 + -2 + 5 + 3. What is the greatest common divisor of b and w?
3
Suppose 4*h - 11 = 17. Calculate the greatest common factor of h and 49.
7
Let w be (-3)/(-6)*(-252)/(-6). What is the highest common divisor of 189 and w?
21
Let c(x) = 2*x**2 - 2*x - 1. Let h be c(-1). Let z(t) = 2*t**2 - t. Let l be z(h). What is the highest common factor of 15 and l?
15
Suppose -2*x = -3*d, 2*d + 0*d = 4. Suppose x*z - 88 = -22. Calculate the highest common factor of z and 22.
22
Let u = 5 + -20. Let x = u + 29. Let o(m) = -m**2 + 11*m + 4. Let z be o(8). Calculate the highest common divisor of x and z.
14
Suppose -3*q - p = -178, -4*q - p - 3*p = -232. Calculate the greatest common divisor of 150 and q.
30
Suppose b + 5*u = 26, 3*b - 3*u - 2 - 4 = 0. What is the highest common divisor of b and 54?
6
Let n be ((-2)/(-4))/(4/112). Calculate the greatest common divisor of 42 and n.
14
Let m = 30 + 24. What is the highest common divisor of 18 and m?
18
Let v be (6 + 4)/(-5)*(-50)/4. Suppose -2 = -0*s - s. Suppose -2*a = 3*m - 19, -a - s*m + 8 + 3 = 0. What is the highest common factor of v and a?
5
Suppose w = -2*b + 37, 2*w - w + 89 = 5*b. Let q be b/(-12)*32/(-6). Let k(a) = -21*a**3 - a**2. Let p be k(-1). What is the greatest common divisor of q and p?
4
Let w = -7 - -12. Let k = 64 + -39. What is the highest common factor of w and k?
5
Suppose 4*u - 114 = -6. Calculate the greatest common divisor of 54 and u.
27
Suppose 0 = -11*o + 129 + 190. Calculate the highest common factor of 145 and o.
29
Let h = 25 - 20. Suppose 3*w = -h*x + 106, -3*w + 0*w + 146 = -5*x. What is the greatest common divisor of w and 28?
14
Let h(z) = z**3 - 4*z**2 + 4*z - 1. Let a be h(3). Suppose 3 + a = m. Suppose -5*w = -90 + m. What is the highest common divisor of 85 and w?
17
Let h be (-2)/6 - (-1804)/12. Suppose 9*x - h = 4*x. Suppose -9 + 49 = 2*d. What is the highest common divisor of x and d?
10
Let c(j) = j**3 - 2*j**2 - 2*j - 6. Let d be c(4). Calculate the greatest common factor of 9 and d.
9
Suppose 3*q - 2*q - 20 = -3*i, -q + 3*i = -26. Let d be 80/25*(q - -2). Calculate the greatest common factor of d and 16.
16
Let x = 20 + 52. Calculate the greatest common factor of x and 8.
8
Let i = 39 + -13. Suppose 49 + i = 5*r. What is the greatest common divisor of r and 45?
15
Suppose 0 = -0*w + w - 2, 2*w = -3*m - 5. Let d be (28/12 - 3)*m. Calculate the greatest common divisor of d and 4.
2
Let y = 12 + -7. Suppose 0 = -5*u + u - 5*d - 215, -4*d + 279 = -y*u. Let g be (u/3)/(1/(-3)). What is the greatest common factor of 5 and g?
5
Suppose -u + 2*u - 31 = -3*m, 0 = -4*m - 5*u + 23. Calculate the highest common divisor of 12 and m.
12
Let h(x) = x**3 - 8*x**2 + x - 4. Let n be h(8). Let k be (n + -10)*-2 - -1. Let l be (12 + 1)*(-2)/(-2). What is the highest common divisor of k and l?
13
Let s be ((-8)/(-6))/(3/9). Suppose s*c - h = 15, 1 + 14 = -c + 4*h. Suppose -c*y = 0, 4*r - 36 = -4*y - 4. What is the greatest common factor of 4 and r?
4
Let d be 2/4*6*(-50)/(-2). What is the greatest common factor of d and 15?
15
Let a(p) = 8 - 3 - 5*p - p. Let m be a(-5). Let i(j) = j**3 - 2*j**2 - 4*j - 2. Let s be i(4). What is the highest common divisor of s and m?
7
Let q(v) = v**3 - 4*v**2 + 3*v - 5. Let r = -2 + 6. Let n be q(r). What is the greatest common factor of 28 and n?
7
Let g = -51 - -57. What is the highest common factor of 30 and g?
6
Let k be 2/(-2)*-2 + 16. Suppose r + 33 = 4*o, 30 = 2*o + 3*r + r. Suppose 0 = o*s - 7*s - 24. Calculate the highest common divisor of s and k.
6
Suppose -4 = 4*u, 286 = 2*q - 4*u - 10. Suppose 0 = -2*v - l + 75 + q, 0 = 4*v + 3*l - 439. Calculate the greatest common factor of 14 and v.
14
Let x(k) = k**2 + 7*k + 4. Let d be x(-7). Suppose -42 = -d*m - 14. What is the greatest common factor of m and 35?
7
Suppose 17 = 5*d - 18. Let p = d - 6. Let l be 0 - (-2)/p - -8. What is the greatest common divisor of 70 and l?
10
Let k be 52/14 - 4/(-14). Suppose -l = k*s + l - 4, -s - 4*l - 6 = 0. Suppose -t + 5 + s = 0. Calculate the highest common divisor of 28 and t.
7
Suppose 2*k - 4 = 2*l + 2, 6 = 3*k. Let o be -33*(1 + 2)/l. Let t be 4 + (-87)/24 - 414/(-48). What is the greatest common factor of t and o?
9
Let c be ((-9)/2)/(7/(-70)). Calculate the greatest common factor of c and 18.
9
Let k be 1/(((-1)/(-205))/1). Let o(z) = z**2 - z. Let h be o(2). Suppose m = 4*l - 9*l + k, -5*l = h*m - 210. What is the greatest common divisor of l and 10?
10
Let g = -1 + 1. Suppose g = 2*k - 2 - 2. Suppose -v - 50 = -3*x - 0*v, 0 = -k*x + 5*v + 55. What is the greatest common divisor of x and 5?
5
Let h(y) = 2*y - 6. Let j be h(6). Let a be (51/3 + 3)*j. Calculate the highest common factor of 15 and a.
15
Let u = 0 + 3. Suppose 0 = 4*t - 2*j - 4, -3*t + 2*j - 2 = -t. What is the greatest common divisor of t and u?
3
Let s be 2 - (-2 + 2)/1. Let o be -7*(0/2 - s). What is the highest common factor of o and 35?
7
Let u be ((-1)/(-2))/(1/10). Suppose -8*c + 100 = -3*c. Let t be (-279)/(-5) - c/25. What is the greatest common divisor of t and u?
5
Let l(w) = 2*w. Let j(a) = a**3 - 7*a**2 + 3*a - 10. Let d be j(7). Let s be l(d). What is the highest common divisor of 88 and s?
22
Suppose -2*z + s = -66, 0 = -2*z - 2*z - s + 120. Suppose -6*l + 100 = -644. What is the greatest common factor of z and l?
31
Let q(t) = t**2 + 3. Let j be q(3). What is the greatest common factor of 96 and j?
12
Suppose -15 = -4*y - y. Let c be (y/(-3) - -5) + 24. Calculate the highest common factor of c and 70.
14
Let w be (0 - 1)/(536/108 + -5). Calculate the greatest common divisor of w and 63.
9
Suppose -b + 4 = 3*t + 1, 30 = -4*b + 2*t. Let m be 4/b - 65/(-3). Suppose -20 + 6 = -2*o. Calculate the greatest common divisor of o and m.
7
Let n = 223 + -51. What is the highest common factor of n and 43?
43
Let g(q) = 6*q**2 - 2*q + 2. Let x be g(1). Let f be ((-2)/(-6))/(x/324). What is the highest common divisor of f and 12?
6
Supp